{"id":1898,"date":"2023-11-13T17:08:26","date_gmt":"2023-11-13T17:08:26","guid":{"rendered":"http:\/\/edicionesbarek.com\/?page_id=1898"},"modified":"2024-12-31T19:57:40","modified_gmt":"2024-12-31T19:57:40","slug":"agenda-2024","status":"publish","type":"page","link":"https:\/\/edicionesbarek.com\/?page_id=1898","title":{"rendered":"Agenda 2025"},"content":{"rendered":"<h5><img loading=\"lazy\" decoding=\"async\" class=\"alignnone size-medium wp-image-2564\" src=\"http:\/\/edicionesbarek.com\/wp-content\/uploads\/2024\/12\/Agenda-2025_1_f-205x300.png\" alt=\"\" width=\"205\" height=\"300\" srcset=\"https:\/\/edicionesbarek.com\/wp-content\/uploads\/2024\/12\/Agenda-2025_1_f-205x300.png 205w, https:\/\/edicionesbarek.com\/wp-content\/uploads\/2024\/12\/Agenda-2025_1_f-699x1024.png 699w, https:\/\/edicionesbarek.com\/wp-content\/uploads\/2024\/12\/Agenda-2025_1_f-768x1125.png 768w, https:\/\/edicionesbarek.com\/wp-content\/uploads\/2024\/12\/Agenda-2025_1_f-1048x1536.png 1048w, https:\/\/edicionesbarek.com\/wp-content\/uploads\/2024\/12\/Agenda-2025_1_f.png 1332w\" sizes=\"(max-width: 205px) 100vw, 205px\" \/><\/h5>\n<h5>Agenda 2025<\/h5>\n<p>Ediciones Barek ofrece a sus lectores esta agenda, la cual nos permitir\u00e1 tener presentes los alegres encuentros con nuestros seres queridos, nuestras responsabilidades laborales y, sobre todo, las festividades y tradiciones de la Iglesia ortodoxa, as\u00ed como las referencias a las lecturas b\u00edblicas diarias. Asimismo, al inicio de cada mes se ha colocado la historia de las diferentes iglesias de nuestra arquidi\u00f3cesis as\u00ed como su fundaci\u00f3n y desarrollo entre nuestra feligres\u00eda alrededor de M\u00e9xico, Venezuela, Centroam\u00e9rica y el Caribe.<\/p>\n<p><a href=\"https:\/\/articulo.mercadolibre.com.mx\/MLM-3450335212-agenda-2025-_JM\" target=\"_blank\" rel=\"noopener\"><img loading=\"lazy\" decoding=\"async\" class=\"alignnone wp-image-610\" title=\"Comprar\" src=\"http:\/\/edicionesbarek.com\/wp-content\/uploads\/2021\/02\/Carrito_sinfondo-300x300.png\" alt=\"\" width=\"40\" height=\"40\" srcset=\"https:\/\/edicionesbarek.com\/wp-content\/uploads\/2021\/02\/Carrito_sinfondo-300x300.png 300w, https:\/\/edicionesbarek.com\/wp-content\/uploads\/2021\/02\/Carrito_sinfondo.png 1024w, https:\/\/edicionesbarek.com\/wp-content\/uploads\/2021\/02\/Carrito_sinfondo-150x150.png 150w, https:\/\/edicionesbarek.com\/wp-content\/uploads\/2021\/02\/Carrito_sinfondo-768x768.png 768w, https:\/\/edicionesbarek.com\/wp-content\/uploads\/2021\/02\/Carrito_sinfondo-65x65.png 65w\" sizes=\"(max-width: 40px) 100vw, 40px\" \/><\/a><\/p>\n<p>&nbsp;<\/p>\n<p>&nbsp;<\/p>\n","protected":false},"excerpt":{"rendered":"<p>Agenda 2025 Ediciones Barek ofrece a sus lectores esta agenda, la cual nos permitir\u00e1 tener presentes los alegres encuentros con nuestros seres queridos, nuestras responsabilidades laborales y, sobre todo, las festividades y tradiciones de la Iglesia ortodoxa, as\u00ed como las referencias a las lecturas b\u00edblicas diarias. Asimismo, al inicio de cada mes se ha colocado [&hellip;]<\/p>\n","protected":false},"author":5,"featured_media":0,"parent":93,"menu_order":1,"comment_status":"closed","ping_status":"closed","template":"","meta":{"footnotes":""},"class_list":["post-1898","page","type-page","status-publish","hentry"],"_links":{"self":[{"href":"https:\/\/edicionesbarek.com\/index.php?rest_route=\/wp\/v2\/pages\/1898"}],"collection":[{"href":"https:\/\/edicionesbarek.com\/index.php?rest_route=\/wp\/v2\/pages"}],"about":[{"href":"https:\/\/edicionesbarek.com\/index.php?rest_route=\/wp\/v2\/types\/page"}],"author":[{"embeddable":true,"href":"https:\/\/edicionesbarek.com\/index.php?rest_route=\/wp\/v2\/users\/5"}],"replies":[{"embeddable":true,"href":"https:\/\/edicionesbarek.com\/index.php?rest_route=%2Fwp%2Fv2%2Fcomments&post=1898"}],"version-history":[{"count":9,"href":"https:\/\/edicionesbarek.com\/index.php?rest_route=\/wp\/v2\/pages\/1898\/revisions"}],"predecessor-version":[{"id":2577,"href":"https:\/\/edicionesbarek.com\/index.php?rest_route=\/wp\/v2\/pages\/1898\/revisions\/2577"}],"up":[{"embeddable":true,"href":"https:\/\/edicionesbarek.com\/index.php?rest_route=\/wp\/v2\/pages\/93"}],"wp:attachment":[{"href":"https:\/\/edicionesbarek.com\/index.php?rest_route=%2Fwp%2Fv2%2Fmedia&parent=1898"}],"curies":[{"name":"wp","href":"https:\/\/api.w.org\/{rel}","templated":true}]}}