{"id":165,"date":"2020-10-11T01:19:29","date_gmt":"2020-10-11T01:19:29","guid":{"rendered":"http:\/\/edicionesbarek.com\/?page_id=165"},"modified":"2021-09-18T18:23:30","modified_gmt":"2021-09-18T18:23:30","slug":"boletin-alfa-y-omega","status":"publish","type":"page","link":"https:\/\/edicionesbarek.com\/?page_id=165","title":{"rendered":"Bolet\u00edn Alfa y Omega"},"content":{"rendered":"<p><img loading=\"lazy\" decoding=\"async\" class=\"aligncenter wp-image-700 size-full\" src=\"http:\/\/edicionesbarek.com\/wp-content\/uploads\/2021\/02\/encabezado_pg_boletin_F.png\" alt=\"\" width=\"4032\" height=\"1124\" srcset=\"https:\/\/edicionesbarek.com\/wp-content\/uploads\/2021\/02\/encabezado_pg_boletin_F.png 4032w, https:\/\/edicionesbarek.com\/wp-content\/uploads\/2021\/02\/encabezado_pg_boletin_F-300x84.png 300w, https:\/\/edicionesbarek.com\/wp-content\/uploads\/2021\/02\/encabezado_pg_boletin_F-1024x285.png 1024w, https:\/\/edicionesbarek.com\/wp-content\/uploads\/2021\/02\/encabezado_pg_boletin_F-768x214.png 768w, https:\/\/edicionesbarek.com\/wp-content\/uploads\/2021\/02\/encabezado_pg_boletin_F-1536x428.png 1536w, https:\/\/edicionesbarek.com\/wp-content\/uploads\/2021\/02\/encabezado_pg_boletin_F-2048x571.png 2048w\" sizes=\"(max-width: 4032px) 100vw, 4032px\" \/><\/p>\n<p>&nbsp;<\/p>\n<p class=\"cuerpodetexto\" style=\"text-indent: 0cm;\"><span lang=\"ES-TRAD\" style=\"font-size: 11.0pt;\">El <\/span><span lang=\"ES-TRAD\"><strong>bolet\u00edn dominical<\/strong> de la Arquidi\u00f3cesis es un medio de contacto m\u00e1s con nuestros hijos, a fin de proporcionar una pr\u00e1ctica lit\u00fargica m\u00e1s participativa y ofrecer un material semanal para la reflexi\u00f3n espiritual y la formaci\u00f3n cristiana ortodoxa.<\/span><\/p>\n<p class=\"cuerpodetexto\" style=\"text-indent: 0cm;\"><span lang=\"ES-TRAD\">El t\u00edtulo del bolet\u00edn se inspira en que el Se\u00f1or le dijo al ap\u00f3stol Juan: <strong>\u201cYo Soy el Alfa y la Omega\u201d<\/strong> (Ap 1: 8). Cristo es el principio y el fin; es el contenido y el objetivo de cualquier ense\u00f1anza o publicaci\u00f3n, pr\u00e9dica o intercesi\u00f3n.<\/span><\/p>\n<p>Para recibir el Bolet\u00edn dominical s\u00f3lo llene este peque\u00f1o formulario:<\/p>\n<form class=\"sml_subscribe\" method=\"post\"><input class=\"sml_hiddenfield\" name=\"sml_subscribe\" type=\"hidden\" value=\"1\"><p class=\"sml_name\"><label class=\"sml_namelabel\" for=\"sml_name\">Name:<\/label><input class=\"sml_nameinput\" placeholder=\"Nombre\" name=\"sml_name\" type=\"text\" value=\"\"><\/p><p class=\"sml_email\"><label class=\"sml_emaillabel\" for=\"sml_email\">Email:<\/label><input class=\"sml_emailinput\" name=\"sml_email\" placeholder=\"Correo Electr\u00f3nico\" type=\"text\" value=\"\"><\/p><p class=\"sml_submit\"><input name=\"submit\" class=\"btn sml_submitbtn\" type=\"submit\" value=\"Suscribirse\"><\/p><\/form>\n","protected":false},"excerpt":{"rendered":"<p>&nbsp; El bolet\u00edn dominical de la Arquidi\u00f3cesis es un medio de contacto m\u00e1s con nuestros hijos, a fin de proporcionar una pr\u00e1ctica lit\u00fargica m\u00e1s participativa y ofrecer un material semanal para la reflexi\u00f3n espiritual y la formaci\u00f3n cristiana ortodoxa. El t\u00edtulo del bolet\u00edn se inspira en que el Se\u00f1or le dijo al ap\u00f3stol Juan: \u201cYo [&hellip;]<\/p>\n","protected":false},"author":1,"featured_media":0,"parent":0,"menu_order":5,"comment_status":"closed","ping_status":"closed","template":"","meta":{"footnotes":""},"class_list":["post-165","page","type-page","status-publish","hentry"],"_links":{"self":[{"href":"https:\/\/edicionesbarek.com\/index.php?rest_route=\/wp\/v2\/pages\/165"}],"collection":[{"href":"https:\/\/edicionesbarek.com\/index.php?rest_route=\/wp\/v2\/pages"}],"about":[{"href":"https:\/\/edicionesbarek.com\/index.php?rest_route=\/wp\/v2\/types\/page"}],"author":[{"embeddable":true,"href":"https:\/\/edicionesbarek.com\/index.php?rest_route=\/wp\/v2\/users\/1"}],"replies":[{"embeddable":true,"href":"https:\/\/edicionesbarek.com\/index.php?rest_route=%2Fwp%2Fv2%2Fcomments&post=165"}],"version-history":[{"count":6,"href":"https:\/\/edicionesbarek.com\/index.php?rest_route=\/wp\/v2\/pages\/165\/revisions"}],"predecessor-version":[{"id":701,"href":"https:\/\/edicionesbarek.com\/index.php?rest_route=\/wp\/v2\/pages\/165\/revisions\/701"}],"wp:attachment":[{"href":"https:\/\/edicionesbarek.com\/index.php?rest_route=%2Fwp%2Fv2%2Fmedia&parent=165"}],"curies":[{"name":"wp","href":"https:\/\/api.w.org\/{rel}","templated":true}]}}