{"id":163,"date":"2020-10-11T01:17:20","date_gmt":"2020-10-11T01:17:20","guid":{"rendered":"http:\/\/edicionesbarek.com\/?page_id=163"},"modified":"2025-06-16T20:30:17","modified_gmt":"2025-06-16T20:30:17","slug":"espirituales","status":"publish","type":"page","link":"https:\/\/edicionesbarek.com\/?page_id=163","title":{"rendered":"Espirituales"},"content":{"rendered":"<h5><\/h5>\n<h5>\u00a0 \u00a0 \u00a0 \u00a0 \u00a0 \u00a0 \u00a0 \u00a0 \u00a0 \u00a0 \u00a0 \u00a0 \u00a0 \u00a0 \u00a0 \u00a0 \u00a0 \u00a0 \u00a0 \u00a0 \u00a0 \u00a0 \u00a0 \u00a0 \u00a0 \u00a0 \u00a0 \u00a0 \u00a0 \u00a0 \u00a0 \u00a0 \u00a0 \u00a0Comentarios Sobre La Divina Liturgia<br \/>\n<a href=\"http:\/\/edicionesbarek.com\/wp-content\/uploads\/2024\/03\/Captura-de-pantalla-2024-03-28-110210.png\"><img loading=\"lazy\" decoding=\"async\" class=\"size-medium wp-image-2129 alignleft\" src=\"http:\/\/edicionesbarek.com\/wp-content\/uploads\/2024\/03\/Captura-de-pantalla-2024-03-28-110210-195x300.png\" alt=\"\" width=\"195\" height=\"300\" srcset=\"https:\/\/edicionesbarek.com\/wp-content\/uploads\/2024\/03\/Captura-de-pantalla-2024-03-28-110210-195x300.png 195w, https:\/\/edicionesbarek.com\/wp-content\/uploads\/2024\/03\/Captura-de-pantalla-2024-03-28-110210.png 364w\" sizes=\"(max-width: 195px) 100vw, 195px\" \/><\/a><\/h5>\n<p>El autor de este libro, monje athonita, realiza una interpretaci\u00f3n actual de la Divina Liturgia de San Juan Cris\u00f3stomo a partir de comentarios de los santos Padres de la Iglesia. As\u00ed, cada momento, acci\u00f3n y palaba de la Divina Liturgia han sido explicados detalladamente, de modo que el texto resulta de una ayuda invaluable tanto para los fieles ortodoxos que buscan participar m\u00e1s devotamente en los servicios de la Iglesia, como para el lector en general interesado en profundizar en el tema. La traducci\u00f3n ha sido hecha a partir del original en griego, con un pr\u00f3logo de Metropolita Siluan (Monte L\u00edbano).<\/p>\n<p>&nbsp;<\/p>\n<p><a href=\"https:\/\/edicionesbarekac.mercadoshops.com.mx\/MLM-2975879828-comentarios-sobre-la-divina-liturgia-_JM#position=17&amp;search_layout=stack&amp;type=item&amp;tracking_id=735342d5-dd47-4e90-b11d-175c3e91a324\" target=\"_blank\" rel=\"noopener\"><img loading=\"lazy\" decoding=\"async\" class=\"alignnone wp-image-610\" title=\"Comprar\" src=\"http:\/\/edicionesbarek.com\/wp-content\/uploads\/2021\/02\/Carrito_sinfondo-300x300.png\" alt=\"\" width=\"40\" height=\"40\" srcset=\"https:\/\/edicionesbarek.com\/wp-content\/uploads\/2021\/02\/Carrito_sinfondo-300x300.png 300w, https:\/\/edicionesbarek.com\/wp-content\/uploads\/2021\/02\/Carrito_sinfondo.png 1024w, https:\/\/edicionesbarek.com\/wp-content\/uploads\/2021\/02\/Carrito_sinfondo-150x150.png 150w, https:\/\/edicionesbarek.com\/wp-content\/uploads\/2021\/02\/Carrito_sinfondo-768x768.png 768w, https:\/\/edicionesbarek.com\/wp-content\/uploads\/2021\/02\/Carrito_sinfondo-65x65.png 65w\" sizes=\"(max-width: 40px) 100vw, 40px\" \/><\/a><\/p>\n<p>&nbsp;<\/p>\n<p>&nbsp;<\/p>\n<p>&nbsp;<\/p>\n<p>&nbsp;<\/p>\n<p>&nbsp;<\/p>\n<p>&nbsp;<\/p>\n<p>&nbsp;<\/p>\n<p>&nbsp;<\/p>\n<h5>\u00a0 \u00a0 \u00a0 \u00a0 \u00a0 \u00a0 \u00a0 \u00a0 \u00a0 \u00a0 \u00a0 \u00a0 \u00a0 \u00a0 \u00a0 \u00a0 \u00a0 \u00a0 \u00a0 \u00a0 \u00a0 \u00a0 \u00a0 \u00a0 \u00a0 \u00a0 \u00a0 \u00a0 \u00a0 \u00a0 \u00a0 \u00a0 \u00a0\u00abCristianismo Ortodoxo I.\u00a0 Historia y estructura can\u00f3nica de la Iglesia Ortodoxa\u00bb.<\/h5>\n<p><a href=\"http:\/\/edicionesbarek.com\/wp-content\/uploads\/2022\/03\/Cristianismo-246x300.jpg\"><img loading=\"lazy\" decoding=\"async\" class=\"noopener alignleft wp-image-816\" src=\"http:\/\/edicionesbarek.com\/wp-content\/uploads\/2022\/03\/Cristianismo-246x300.jpg\" alt=\"\" width=\"188\" height=\"229\" srcset=\"https:\/\/edicionesbarek.com\/wp-content\/uploads\/2022\/03\/Cristianismo-246x300.jpg 246w, https:\/\/edicionesbarek.com\/wp-content\/uploads\/2022\/03\/Cristianismo.jpg 321w\" sizes=\"(max-width: 188px) 100vw, 188px\" \/><\/a>\u201cEl presente volumen forma parte de una obra monumental compuesta por cinco<\/p>\n<p>t\u00edtulos de los cuales \u00e9ste es el primero \u00abCristianismo Ortodoxo I.\u00a0 Historia y<\/p>\n<p>estructura can\u00f3nica de la Iglesia Ortodoxa\u00bb.\u00a0 La serie completa expone de manera<\/p>\n<p>detallada e integrada el sistema teol\u00f3gico y lit\u00fargico de la Iglesia Ortodoxa,<\/p>\n<p>cuyos elementos est\u00e1n \u00edntimamente relacionados, desde su historia hasta la<\/p>\n<p>espiritualidad que se vive en su interior, sostenidos por los pilares que<\/p>\n<p>influyen fuertemente en la vida de cada cristiano ortodoxo: la teolog\u00eda y los servicios lit\u00fargicos.<\/p>\n<p><a href=\"https:\/\/articulo.mercadolibre.com.mx\/MLM-1380975233-cristianismo-ortodoxo-i-_JM#position=2&amp;search_layout=grid&amp;type=item&amp;tracking_id=3a0dfe98-c37a-4b41-a25b-36c5cf5cc2af\" target=\"_blank\" rel=\"noopener\"><img loading=\"lazy\" decoding=\"async\" class=\"alignnone wp-image-610\" title=\"Comprar\" src=\"http:\/\/edicionesbarek.com\/wp-content\/uploads\/2021\/02\/Carrito_sinfondo-300x300.png\" alt=\"\" width=\"40\" height=\"40\" srcset=\"https:\/\/edicionesbarek.com\/wp-content\/uploads\/2021\/02\/Carrito_sinfondo-300x300.png 300w, https:\/\/edicionesbarek.com\/wp-content\/uploads\/2021\/02\/Carrito_sinfondo.png 1024w, https:\/\/edicionesbarek.com\/wp-content\/uploads\/2021\/02\/Carrito_sinfondo-150x150.png 150w, https:\/\/edicionesbarek.com\/wp-content\/uploads\/2021\/02\/Carrito_sinfondo-768x768.png 768w, https:\/\/edicionesbarek.com\/wp-content\/uploads\/2021\/02\/Carrito_sinfondo-65x65.png 65w\" sizes=\"(max-width: 40px) 100vw, 40px\" \/><\/a><\/p>\n<p>&nbsp;<\/p>\n<p>&nbsp;<\/p>\n<p>&nbsp;<\/p>\n<h5>Octavo d\u00eda<a href=\"http:\/\/edicionesbarek.com\/wp-content\/uploads\/2022\/06\/Octavo-dia-218x300.jpg\" target=\"_blank\" rel=\"noopener\"><img loading=\"lazy\" decoding=\"async\" class=\" wp-image-929 alignleft\" src=\"http:\/\/edicionesbarek.com\/wp-content\/uploads\/2022\/06\/Octavo-dia-218x300.jpg\" alt=\"\" width=\"180\" height=\"247\" srcset=\"https:\/\/edicionesbarek.com\/wp-content\/uploads\/2022\/06\/Octavo-dia-218x300.jpg 218w, https:\/\/edicionesbarek.com\/wp-content\/uploads\/2022\/06\/Octavo-dia.jpg 364w\" sizes=\"(max-width: 180px) 100vw, 180px\" \/><\/a><\/h5>\n<p>El autor Su Eminencia Metropolita Ignacio Sama\u00e1n comparte una colecci\u00f3n de reflexiones<\/p>\n<p>que conciernen al periodo lit\u00fargico que la Iglesia Ortodoxa llama Pentecostario, desde la<\/p>\n<p>fiesta de Pascua hasta Pentecost\u00e9s.\u00a0 Siendo el tema central la Gloriosa Resurrecci\u00f3n.<\/p>\n<p>&nbsp;<\/p>\n<p>&nbsp;<\/p>\n<p><a href=\"https:\/\/articulo.mercadolibre.com.mx\/MLM-1405989150-dia-octavo-de-pascua-a-pentecostes-_JM#position=37&amp;search_layout=stack&amp;type=item&amp;tracking_id=aa25fd1b-b22b-45ae-9f6e-321cb1dc3b19\" target=\"_blank\" rel=\"noopener\"><img loading=\"lazy\" decoding=\"async\" class=\"alignnone wp-image-610\" title=\"Comprar\" src=\"http:\/\/edicionesbarek.com\/wp-content\/uploads\/2021\/02\/Carrito_sinfondo-300x300.png\" alt=\"\" width=\"40\" height=\"40\" srcset=\"https:\/\/edicionesbarek.com\/wp-content\/uploads\/2021\/02\/Carrito_sinfondo-300x300.png 300w, https:\/\/edicionesbarek.com\/wp-content\/uploads\/2021\/02\/Carrito_sinfondo.png 1024w, https:\/\/edicionesbarek.com\/wp-content\/uploads\/2021\/02\/Carrito_sinfondo-150x150.png 150w, https:\/\/edicionesbarek.com\/wp-content\/uploads\/2021\/02\/Carrito_sinfondo-768x768.png 768w, https:\/\/edicionesbarek.com\/wp-content\/uploads\/2021\/02\/Carrito_sinfondo-65x65.png 65w\" sizes=\"(max-width: 40px) 100vw, 40px\" \/><\/a><\/p>\n<h5><\/h5>\n<h5><\/h5>\n<h5><\/h5>\n<h5><\/h5>\n<p>&nbsp;<\/p>\n<p>&nbsp;<\/p>\n<p>&nbsp;<\/p>\n<p>&nbsp;<\/p>\n<h5><\/h5>\n<h5>Presencia y luz<a href=\"http:\/\/edicionesbarek.com\/wp-content\/uploads\/2021\/01\/Miniatura_pg_barek17.png\" target=\"_blank\" rel=\"noopener\"><img loading=\"lazy\" decoding=\"async\" class=\"alignleft wp-image-506 size-thumbnail\" title=\"Presencia y Luz\" src=\"http:\/\/edicionesbarek.com\/wp-content\/uploads\/2021\/01\/Miniatura_pg_barek17-150x150.png\" alt=\"\" width=\"150\" height=\"150\" srcset=\"https:\/\/edicionesbarek.com\/wp-content\/uploads\/2021\/01\/Miniatura_pg_barek17-150x150.png 150w, https:\/\/edicionesbarek.com\/wp-content\/uploads\/2021\/01\/Miniatura_pg_barek17-300x300.png 300w, https:\/\/edicionesbarek.com\/wp-content\/uploads\/2021\/01\/Miniatura_pg_barek17-65x65.png 65w, https:\/\/edicionesbarek.com\/wp-content\/uploads\/2021\/01\/Miniatura_pg_barek17.png 472w\" sizes=\"(max-width: 150px) 100vw, 150px\" \/><\/a><\/h5>\n<p>Fiel a la herencia riqu\u00edsima de la Iglesia de Oriente,<\/p>\n<p>el ahora Arzobispo Ignacio Sama\u00e1n comparte sus homil\u00edas<\/p>\n<p>en un estilo poco conocido en Occidente: la vida lit\u00fargica,<\/p>\n<p>las interpretaciones patr\u00edsticas, el dogma, la himnograf\u00eda y la<\/p>\n<p>simbolog\u00eda de los iconos como \u00f3ptimas fuentes que enriquecen<\/p>\n<p>cada serm\u00f3n.<\/p>\n<p><a href=\"https:\/\/edicionesbarekac.mercadoshops.com.mx\/MLM-778706256-presencia-y-luz-homilias-en-templo-ortodoxo-libro-_JM?quantity=1#position=10&amp;type=item&amp;tracking_id=3ca42b6b-4f2e-4096-b546-35602c756f64\" target=\"_blank\" rel=\"noopener\"><img loading=\"lazy\" decoding=\"async\" class=\"alignnone wp-image-610\" title=\"Comprar\" src=\"http:\/\/edicionesbarek.com\/wp-content\/uploads\/2021\/02\/Carrito_sinfondo-300x300.png\" alt=\"\" width=\"40\" height=\"40\" srcset=\"https:\/\/edicionesbarek.com\/wp-content\/uploads\/2021\/02\/Carrito_sinfondo-300x300.png 300w, https:\/\/edicionesbarek.com\/wp-content\/uploads\/2021\/02\/Carrito_sinfondo.png 1024w, https:\/\/edicionesbarek.com\/wp-content\/uploads\/2021\/02\/Carrito_sinfondo-150x150.png 150w, https:\/\/edicionesbarek.com\/wp-content\/uploads\/2021\/02\/Carrito_sinfondo-768x768.png 768w, https:\/\/edicionesbarek.com\/wp-content\/uploads\/2021\/02\/Carrito_sinfondo-65x65.png 65w\" sizes=\"(max-width: 40px) 100vw, 40px\" \/><\/a><\/p>\n<p>&nbsp;<\/p>\n<p>&nbsp;<\/p>\n<h5><\/h5>\n<p>&nbsp;<\/p>\n<h5><a href=\"http:\/\/edicionesbarek.com\/wp-content\/uploads\/2021\/01\/Miniatura_pg_barek14.png\"><img loading=\"lazy\" decoding=\"async\" class=\"alignleft wp-image-509 size-thumbnail\" title=\"Atrios del Se\u00f1or\" src=\"http:\/\/edicionesbarek.com\/wp-content\/uploads\/2021\/01\/Miniatura_pg_barek14-150x150.png\" alt=\"\" width=\"150\" height=\"150\" srcset=\"https:\/\/edicionesbarek.com\/wp-content\/uploads\/2021\/01\/Miniatura_pg_barek14-150x150.png 150w, https:\/\/edicionesbarek.com\/wp-content\/uploads\/2021\/01\/Miniatura_pg_barek14-300x300.png 300w, https:\/\/edicionesbarek.com\/wp-content\/uploads\/2021\/01\/Miniatura_pg_barek14-65x65.png 65w, https:\/\/edicionesbarek.com\/wp-content\/uploads\/2021\/01\/Miniatura_pg_barek14.png 472w\" sizes=\"(max-width: 150px) 100vw, 150px\" \/><\/a>Atrios del Se\u00f1or<\/h5>\n<p>Compilaci\u00f3n de la literatura contempor\u00e1nea de la Iglesia Ortodoxa,<\/p>\n<p>que intenta ofrecer al lector un panorama de la espiritualidad ortodoxa<\/p>\n<p>que lo gu\u00ede al fondo de su culto, arte y literatura: la vida en Cristo.<\/p>\n<p>Tambi\u00e9n contiene material para la lectura espiritual que permite acceder<\/p>\n<p>a la vida de la oraci\u00f3n con devoci\u00f3n, ansia y fervor.<\/p>\n<p><a href=\"https:\/\/edicionesbarekac.mercadoshops.com.mx\/MLM-806916972-atrios-del-senor-reflexiones-ortodoxas-libro-ortodoxo-_JM?quantity=1#position=15&amp;type=item&amp;tracking_id=5614d88b-1790-421f-99d8-d7b52a9479b0\" target=\"_blank\" rel=\"noopener\"><img loading=\"lazy\" decoding=\"async\" class=\"alignnone wp-image-610\" title=\"Comprar\" src=\"http:\/\/edicionesbarek.com\/wp-content\/uploads\/2021\/02\/Carrito_sinfondo-300x300.png\" alt=\"\" width=\"40\" height=\"40\" srcset=\"https:\/\/edicionesbarek.com\/wp-content\/uploads\/2021\/02\/Carrito_sinfondo-300x300.png 300w, https:\/\/edicionesbarek.com\/wp-content\/uploads\/2021\/02\/Carrito_sinfondo.png 1024w, https:\/\/edicionesbarek.com\/wp-content\/uploads\/2021\/02\/Carrito_sinfondo-150x150.png 150w, https:\/\/edicionesbarek.com\/wp-content\/uploads\/2021\/02\/Carrito_sinfondo-768x768.png 768w, https:\/\/edicionesbarek.com\/wp-content\/uploads\/2021\/02\/Carrito_sinfondo-65x65.png 65w\" sizes=\"(max-width: 40px) 100vw, 40px\" \/><\/a><\/p>\n<p>&nbsp;<\/p>\n<p>&nbsp;<\/p>\n<p>&nbsp;<\/p>\n<h5>\u00a0 \u00a0 \u00a0 \u00a0 \u00a0 \u00a0 \u00a0 \u00a0 \u00a0 \u00a0 \u00a0 \u00a0 \u00a0 \u00a0 \u00a0 \u00a0 \u00a0 \u00a0 \u00a0 \u00a0 \u00a0 \u00a0 \u00a0 \u00a0 \u00a0 \u00a0 \u00a0Tesoro Del Coraz\u00f3n Devocionario (libro Ortodoxo) 2da Edici\u00f3n<br \/>\n<a href=\"https:\/\/http2.mlstatic.com\/D_NQ_NP_953704-MLM52050128266_102022-O.webp\"><img loading=\"lazy\" decoding=\"async\" class=\"alignleft\" src=\"https:\/\/http2.mlstatic.com\/D_NQ_NP_953704-MLM52050128266_102022-O.webp\" alt=\"Imagen 1 de 2 de Tesoro Del Coraz\u00f3n Devocionario (libro Ortodoxo) 2da Edici\u00f3n\" width=\"186\" height=\"237\" \/><\/a><\/h5>\n<p>\u201cEst\u00e9n siempre alegres. Oren constantemente. En todo den gracias,<\/p>\n<p>pues esto es lo que Dios, en Cristo Jes\u00fas, quiere de ustedes (1 Tes 5: 16-18)\u201d.<\/p>\n<p>La edici\u00f3n de este devocionario, con los tesoros lit\u00fargicos de la<\/p>\n<p>Iglesia Ortodoxa, animar\u00e1, sin duda, a la amada feligres\u00eda a recurrir a la<\/p>\n<p>oraci\u00f3n como aliento para el alma y el coraz\u00f3n (edici\u00f3n de bolsillo).<\/p>\n<p><a href=\"https:\/\/edicionesbarekac.mercadoshops.com.mx\/MLM-809903913-tesoro-del-corazon-devocionario-libro-ortodoxo-2da-edicion-_JM?quantity=1#position=7&amp;type=item&amp;tracking_id=6c1f8d0e-da32-440b-aa5f-1ad2c4c829a3\" target=\"_blank\" rel=\"noopener\"><img loading=\"lazy\" decoding=\"async\" class=\"alignnone wp-image-610\" title=\"Comprar\" src=\"http:\/\/edicionesbarek.com\/wp-content\/uploads\/2021\/02\/Carrito_sinfondo-300x300.png\" alt=\"\" width=\"40\" height=\"40\" srcset=\"https:\/\/edicionesbarek.com\/wp-content\/uploads\/2021\/02\/Carrito_sinfondo-300x300.png 300w, https:\/\/edicionesbarek.com\/wp-content\/uploads\/2021\/02\/Carrito_sinfondo.png 1024w, https:\/\/edicionesbarek.com\/wp-content\/uploads\/2021\/02\/Carrito_sinfondo-150x150.png 150w, https:\/\/edicionesbarek.com\/wp-content\/uploads\/2021\/02\/Carrito_sinfondo-768x768.png 768w, https:\/\/edicionesbarek.com\/wp-content\/uploads\/2021\/02\/Carrito_sinfondo-65x65.png 65w\" sizes=\"(max-width: 40px) 100vw, 40px\" \/><\/a><\/p>\n<p>&nbsp;<\/p>\n<p>&nbsp;<\/p>\n<p>&nbsp;<\/p>\n<p>&nbsp;<\/p>\n","protected":false},"excerpt":{"rendered":"<p>\u00a0 \u00a0 \u00a0 \u00a0 \u00a0 \u00a0 \u00a0 \u00a0 \u00a0 \u00a0 \u00a0 \u00a0 \u00a0 \u00a0 \u00a0 \u00a0 \u00a0 \u00a0 \u00a0 \u00a0 \u00a0 \u00a0 \u00a0 \u00a0 \u00a0 \u00a0 \u00a0 \u00a0 \u00a0 \u00a0 \u00a0 \u00a0 \u00a0 \u00a0Comentarios Sobre La Divina Liturgia El autor de este libro, monje athonita, realiza una interpretaci\u00f3n actual de la Divina Liturgia de San [&hellip;]<\/p>\n","protected":false},"author":1,"featured_media":0,"parent":93,"menu_order":3,"comment_status":"closed","ping_status":"closed","template":"","meta":{"footnotes":""},"class_list":["post-163","page","type-page","status-publish","hentry"],"_links":{"self":[{"href":"https:\/\/edicionesbarek.com\/index.php?rest_route=\/wp\/v2\/pages\/163"}],"collection":[{"href":"https:\/\/edicionesbarek.com\/index.php?rest_route=\/wp\/v2\/pages"}],"about":[{"href":"https:\/\/edicionesbarek.com\/index.php?rest_route=\/wp\/v2\/types\/page"}],"author":[{"embeddable":true,"href":"https:\/\/edicionesbarek.com\/index.php?rest_route=\/wp\/v2\/users\/1"}],"replies":[{"embeddable":true,"href":"https:\/\/edicionesbarek.com\/index.php?rest_route=%2Fwp%2Fv2%2Fcomments&post=163"}],"version-history":[{"count":26,"href":"https:\/\/edicionesbarek.com\/index.php?rest_route=\/wp\/v2\/pages\/163\/revisions"}],"predecessor-version":[{"id":2666,"href":"https:\/\/edicionesbarek.com\/index.php?rest_route=\/wp\/v2\/pages\/163\/revisions\/2666"}],"up":[{"embeddable":true,"href":"https:\/\/edicionesbarek.com\/index.php?rest_route=\/wp\/v2\/pages\/93"}],"wp:attachment":[{"href":"https:\/\/edicionesbarek.com\/index.php?rest_route=%2Fwp%2Fv2%2Fmedia&parent=163"}],"curies":[{"name":"wp","href":"https:\/\/api.w.org\/{rel}","templated":true}]}}