{"id":161,"date":"2020-10-11T01:16:50","date_gmt":"2020-10-11T01:16:50","guid":{"rendered":"http:\/\/edicionesbarek.com\/?page_id=161"},"modified":"2025-06-16T20:25:52","modified_gmt":"2025-06-16T20:25:52","slug":"catequeticos","status":"publish","type":"page","link":"http:\/\/edicionesbarek.com\/?page_id=161","title":{"rendered":"Catequeticos"},"content":{"rendered":"<h5>La Santa Comuni\u00f3n, El Bautismo, Arrepentimiento Y Confesi\u00f3n, Matrimonio, Cohabitaci\u00f3n<\/h5>\n<p><a href=\"http:\/\/edicionesbarek.com\/wp-content\/uploads\/2022\/06\/Pan-de-Vida-300x225.jpg\"><img loading=\"lazy\" decoding=\"async\" class=\"wp-image-923 alignleft\" src=\"http:\/\/edicionesbarek.com\/wp-content\/uploads\/2022\/06\/Pan-de-Vida-300x225.jpg\" alt=\"\" width=\"193\" height=\"145\" srcset=\"http:\/\/edicionesbarek.com\/wp-content\/uploads\/2022\/06\/Pan-de-Vida-300x225.jpg 300w, http:\/\/edicionesbarek.com\/wp-content\/uploads\/2022\/06\/Pan-de-Vida-320x240.jpg 320w, http:\/\/edicionesbarek.com\/wp-content\/uploads\/2022\/06\/Pan-de-Vida.jpg 500w\" sizes=\"(max-width: 193px) 100vw, 193px\" \/><\/a>Es una serie de cuadernillos (cada uno consta de 16 p\u00e1g.) que provee al lector de<br \/>\ninformaci\u00f3n esencial acerca de la ortodoxia, que sin duda contribuir\u00e1\u00b4 a alimentar su<br \/>\nesp\u00edritu y fortalecer la fe.<\/p>\n<p>&nbsp;<\/p>\n<p>&nbsp;<\/p>\n<p><a href=\"https:\/\/articulo.mercadolibre.com.mx\/MLM-952115745-folletos-de-la-serie-pan-de-vida-_JM#position=8&amp;search_layout=stack&amp;type=item&amp;tracking_id=212786ac-60a0-4a72-a5fb-a6ee8c711cab\" target=\"_blank\" rel=\"noopener\"><img loading=\"lazy\" decoding=\"async\" class=\"alignnone wp-image-610\" title=\"Comprar\" src=\"http:\/\/edicionesbarek.com\/wp-content\/uploads\/2021\/02\/Carrito_sinfondo-300x300.png\" alt=\"\" width=\"40\" height=\"40\" srcset=\"http:\/\/edicionesbarek.com\/wp-content\/uploads\/2021\/02\/Carrito_sinfondo-300x300.png 300w, http:\/\/edicionesbarek.com\/wp-content\/uploads\/2021\/02\/Carrito_sinfondo.png 1024w, http:\/\/edicionesbarek.com\/wp-content\/uploads\/2021\/02\/Carrito_sinfondo-150x150.png 150w, http:\/\/edicionesbarek.com\/wp-content\/uploads\/2021\/02\/Carrito_sinfondo-768x768.png 768w, http:\/\/edicionesbarek.com\/wp-content\/uploads\/2021\/02\/Carrito_sinfondo-65x65.png 65w\" sizes=\"(max-width: 40px) 100vw, 40px\" \/><\/a><\/p>\n<p>&nbsp;<\/p>\n<h5><a href=\"http:\/\/edicionesbarek.com\/wp-content\/uploads\/2021\/01\/Miniatura_pg_barek1.png\"><img loading=\"lazy\" decoding=\"async\" class=\"alignleft wp-image-522 size-thumbnail\" title=\"Heroes de la Verdad\" src=\"http:\/\/edicionesbarek.com\/wp-content\/uploads\/2021\/01\/Miniatura_pg_barek1-150x150.png\" alt=\"\" width=\"150\" height=\"150\" srcset=\"http:\/\/edicionesbarek.com\/wp-content\/uploads\/2021\/01\/Miniatura_pg_barek1-150x150.png 150w, http:\/\/edicionesbarek.com\/wp-content\/uploads\/2021\/01\/Miniatura_pg_barek1-300x300.png 300w, http:\/\/edicionesbarek.com\/wp-content\/uploads\/2021\/01\/Miniatura_pg_barek1-65x65.png 65w, http:\/\/edicionesbarek.com\/wp-content\/uploads\/2021\/01\/Miniatura_pg_barek1.png 472w\" sizes=\"(max-width: 150px) 100vw, 150px\" \/><\/a>H\u00e9roes de la verdad<\/h5>\n<p>Un h\u00e9roe es un hombre que por su voluntad realiza un esfuerzo<\/p>\n<p>extraordinario al servicio de Dios y de los dem\u00e1s que lo lleva a negarse<\/p>\n<p>a s\u00ed mismo y a olvidarse de su ego\u00edsmo. Para la Iglesia,<\/p>\n<p>un h\u00e9roe es un santo, un verdadero seguidor de Cristo.<\/p>\n<p><a href=\"https:\/\/edicionesbarekac.mercadoshops.com.mx\/MLM-778706814-heroes-de-la-verdad-libro-_JM?quantity=1#position=16&amp;type=item&amp;tracking_id=3bce278b-fa5c-4143-8b4c-c6a77bc88493\" target=\"_blank\" rel=\"noopener\"><img loading=\"lazy\" decoding=\"async\" class=\"alignnone wp-image-610\" title=\"Comprar\" src=\"http:\/\/edicionesbarek.com\/wp-content\/uploads\/2021\/02\/Carrito_sinfondo-300x300.png\" alt=\"\" width=\"40\" height=\"40\" srcset=\"http:\/\/edicionesbarek.com\/wp-content\/uploads\/2021\/02\/Carrito_sinfondo-300x300.png 300w, http:\/\/edicionesbarek.com\/wp-content\/uploads\/2021\/02\/Carrito_sinfondo.png 1024w, http:\/\/edicionesbarek.com\/wp-content\/uploads\/2021\/02\/Carrito_sinfondo-150x150.png 150w, http:\/\/edicionesbarek.com\/wp-content\/uploads\/2021\/02\/Carrito_sinfondo-768x768.png 768w, http:\/\/edicionesbarek.com\/wp-content\/uploads\/2021\/02\/Carrito_sinfondo-65x65.png 65w\" sizes=\"(max-width: 40px) 100vw, 40px\" \/><\/a><\/p>\n<p>&nbsp;<\/p>\n<h5><a href=\"http:\/\/edicionesbarek.com\/wp-content\/uploads\/2021\/01\/Miniatura_pg_barek2.png\"><img loading=\"lazy\" decoding=\"async\" class=\"wp-image-521 size-thumbnail alignleft\" title=\"Doctrina Ortodoxa\" src=\"http:\/\/edicionesbarek.com\/wp-content\/uploads\/2021\/01\/Miniatura_pg_barek2-150x150.png\" alt=\"\" width=\"150\" height=\"150\" srcset=\"http:\/\/edicionesbarek.com\/wp-content\/uploads\/2021\/01\/Miniatura_pg_barek2-150x150.png 150w, http:\/\/edicionesbarek.com\/wp-content\/uploads\/2021\/01\/Miniatura_pg_barek2-300x300.png 300w, http:\/\/edicionesbarek.com\/wp-content\/uploads\/2021\/01\/Miniatura_pg_barek2-65x65.png 65w, http:\/\/edicionesbarek.com\/wp-content\/uploads\/2021\/01\/Miniatura_pg_barek2.png 472w\" sizes=\"(max-width: 150px) 100vw, 150px\" \/><\/a>Doctrina ortodoxa<\/h5>\n<p>Ense\u00f1anza vital para alimentar nuestra mente y vivir conforme<\/p>\n<p>a la fe ortodoxa. Nos recuerda y explica los fundamentos sobre<\/p>\n<p>los que se ha estructurado la doctrina cristiana: la Revelaci\u00f3n,<\/p>\n<p>la Tradici\u00f3n, la Biblia, la liturgia.<\/p>\n<p><a href=\"https:\/\/edicionesbarekac.mercadoshops.com.mx\/MLM-778712563-doctrina-ortodoxa-libro-_JM?quantity=1#position=5&amp;type=item&amp;tracking_id=1add58d1-e5ae-4993-b365-ab18dc565928\" target=\"_blank\" rel=\"noopener\"><img loading=\"lazy\" decoding=\"async\" class=\"alignnone wp-image-610\" title=\"Comprar\" src=\"http:\/\/edicionesbarek.com\/wp-content\/uploads\/2021\/02\/Carrito_sinfondo-300x300.png\" alt=\"\" width=\"40\" height=\"40\" srcset=\"http:\/\/edicionesbarek.com\/wp-content\/uploads\/2021\/02\/Carrito_sinfondo-300x300.png 300w, http:\/\/edicionesbarek.com\/wp-content\/uploads\/2021\/02\/Carrito_sinfondo.png 1024w, http:\/\/edicionesbarek.com\/wp-content\/uploads\/2021\/02\/Carrito_sinfondo-150x150.png 150w, http:\/\/edicionesbarek.com\/wp-content\/uploads\/2021\/02\/Carrito_sinfondo-768x768.png 768w, http:\/\/edicionesbarek.com\/wp-content\/uploads\/2021\/02\/Carrito_sinfondo-65x65.png 65w\" sizes=\"(max-width: 40px) 100vw, 40px\" \/><\/a><\/p>\n<p>&nbsp;<\/p>\n<h5><a href=\"http:\/\/edicionesbarek.com\/wp-content\/uploads\/2021\/01\/Miniatura_pg_barek3.png\"><img loading=\"lazy\" decoding=\"async\" class=\"wp-image-520 size-thumbnail alignleft\" title=\"El Compa\u00f1ero del Ortodoxo\" src=\"http:\/\/edicionesbarek.com\/wp-content\/uploads\/2021\/01\/Miniatura_pg_barek3-150x150.png\" alt=\"\" width=\"150\" height=\"150\" srcset=\"http:\/\/edicionesbarek.com\/wp-content\/uploads\/2021\/01\/Miniatura_pg_barek3-150x150.png 150w, http:\/\/edicionesbarek.com\/wp-content\/uploads\/2021\/01\/Miniatura_pg_barek3-300x300.png 300w, http:\/\/edicionesbarek.com\/wp-content\/uploads\/2021\/01\/Miniatura_pg_barek3-65x65.png 65w, http:\/\/edicionesbarek.com\/wp-content\/uploads\/2021\/01\/Miniatura_pg_barek3.png 472w\" sizes=\"(max-width: 150px) 100vw, 150px\" \/><\/a>El compa\u00f1ero del ortodoxo<\/h5>\n<p>En estos tiempos modernos de estallidos tecnol\u00f3gicos, sobre todo en las comunicaciones,<\/p>\n<p>parad\u00f3jicamente hay menos comunicaci\u00f3n humana, ya sea entre esposos, padres e hijos,<\/p>\n<p>maestros y alumnos, patrones y empleados, feligreses y clero, etc. Este libro nos gu\u00eda hacia<\/p>\n<p>una comunicaci\u00f3n especial\u00edsima pero muy sencilla, fundamental pero de f\u00e1cil asimilaci\u00f3n;<\/p>\n<p>se puede decir madre de toda comunicaci\u00f3n verdadera: la relaci\u00f3n personal entre Dios<\/p>\n<p>y el hombre en la que uno y otro entran en \u00edntima uni\u00f3n.<\/p>\n<p><a href=\"https:\/\/edicionesbarekac.mercadoshops.com.mx\/MLM-778714698-el-companero-del-ortodoxo-libro-_JM?quantity=1#position=19&amp;type=item&amp;tracking_id=1949bf68-515f-43f4-b371-49d95d7e7b63\" target=\"_blank\" rel=\"noopener\"><img loading=\"lazy\" decoding=\"async\" class=\"alignnone wp-image-610\" title=\"Comprar\" src=\"http:\/\/edicionesbarek.com\/wp-content\/uploads\/2021\/02\/Carrito_sinfondo-300x300.png\" alt=\"\" width=\"40\" height=\"40\" srcset=\"http:\/\/edicionesbarek.com\/wp-content\/uploads\/2021\/02\/Carrito_sinfondo-300x300.png 300w, http:\/\/edicionesbarek.com\/wp-content\/uploads\/2021\/02\/Carrito_sinfondo.png 1024w, http:\/\/edicionesbarek.com\/wp-content\/uploads\/2021\/02\/Carrito_sinfondo-150x150.png 150w, http:\/\/edicionesbarek.com\/wp-content\/uploads\/2021\/02\/Carrito_sinfondo-768x768.png 768w, http:\/\/edicionesbarek.com\/wp-content\/uploads\/2021\/02\/Carrito_sinfondo-65x65.png 65w\" sizes=\"(max-width: 40px) 100vw, 40px\" \/><\/a><\/p>\n<p>&nbsp;<\/p>\n<h5><a href=\"http:\/\/edicionesbarek.com\/wp-content\/uploads\/2021\/02\/miniatura_serie_libros.jpg\"><img loading=\"lazy\" decoding=\"async\" class=\"wp-image-675 size-thumbnail alignleft\" title=\"Colecci\u00f3n\" src=\"http:\/\/edicionesbarek.com\/wp-content\/uploads\/2021\/02\/miniatura_serie_libros-150x150.jpg\" alt=\"\" width=\"150\" height=\"150\" srcset=\"http:\/\/edicionesbarek.com\/wp-content\/uploads\/2021\/02\/miniatura_serie_libros-150x150.jpg 150w, http:\/\/edicionesbarek.com\/wp-content\/uploads\/2021\/02\/miniatura_serie_libros-300x300.jpg 300w, http:\/\/edicionesbarek.com\/wp-content\/uploads\/2021\/02\/miniatura_serie_libros-65x65.jpg 65w, http:\/\/edicionesbarek.com\/wp-content\/uploads\/2021\/02\/miniatura_serie_libros.jpg 472w\" sizes=\"(max-width: 150px) 100vw, 150px\" \/><\/a>Catecismo ortodoxo (Colecci\u00f3n de 13 libros)<\/h5>\n<p>\u201cId, pues, y adoctrinar a todos los pueblos\u201d. Elementales los menos, para una primera<\/p>\n<p>ense\u00f1anza, y fundamentales la mayor\u00eda, para ayudar a la formaci\u00f3n y crecimiento en la<\/p>\n<p>fe ortodoxa, esta colecci\u00f3n de 13 libros culmina el esfuerzo de un valeroso grupo de<\/p>\n<p>creyentes que se propusieron, con la gracia de Dios, dotar a su amada comunidad<\/p>\n<p>ortodoxa en M\u00e9xico de los instrumentos necesarios para la ense\u00f1anza de la tradici\u00f3n<\/p>\n<p>de la Iglesia cat\u00f3lica, apost\u00f3lica, ortodoxa, antioquena.<\/p>\n<p><a href=\"https:\/\/edicionesbarekac.mercadoshops.com.mx\/MLM-778730907-coleccion-de-libros-ortodoxos-13-libros-_JM?quantity=1#position=19&amp;type=item&amp;tracking_id=075a8612-b606-478b-83ca-0fa018f9394b\" target=\"_blank\" rel=\"noopener\"><img loading=\"lazy\" decoding=\"async\" class=\"alignnone wp-image-610\" title=\"Comprar\" src=\"http:\/\/edicionesbarek.com\/wp-content\/uploads\/2021\/02\/Carrito_sinfondo-300x300.png\" alt=\"\" width=\"40\" height=\"40\" srcset=\"http:\/\/edicionesbarek.com\/wp-content\/uploads\/2021\/02\/Carrito_sinfondo-300x300.png 300w, http:\/\/edicionesbarek.com\/wp-content\/uploads\/2021\/02\/Carrito_sinfondo.png 1024w, http:\/\/edicionesbarek.com\/wp-content\/uploads\/2021\/02\/Carrito_sinfondo-150x150.png 150w, http:\/\/edicionesbarek.com\/wp-content\/uploads\/2021\/02\/Carrito_sinfondo-768x768.png 768w, http:\/\/edicionesbarek.com\/wp-content\/uploads\/2021\/02\/Carrito_sinfondo-65x65.png 65w\" sizes=\"(max-width: 40px) 100vw, 40px\" \/><\/a><\/p>\n<p>&nbsp;<\/p>\n<p>&nbsp;<\/p>\n<p>&nbsp;<\/p>\n<p>&nbsp;<\/p>\n<h5><a href=\"http:\/\/edicionesbarek.com\/wp-content\/uploads\/2024\/03\/Captura-de-pantalla-2024-03-28-105955.png\"><img loading=\"lazy\" decoding=\"async\" class=\" wp-image-2126 alignleft\" src=\"http:\/\/edicionesbarek.com\/wp-content\/uploads\/2024\/03\/Captura-de-pantalla-2024-03-28-105955-237x300.png\" alt=\"\" width=\"171\" height=\"216\" srcset=\"http:\/\/edicionesbarek.com\/wp-content\/uploads\/2024\/03\/Captura-de-pantalla-2024-03-28-105955-237x300.png 237w, http:\/\/edicionesbarek.com\/wp-content\/uploads\/2024\/03\/Captura-de-pantalla-2024-03-28-105955.png 412w\" sizes=\"(max-width: 171px) 100vw, 171px\" \/><\/a>Guia Pastoral Sobre Los Sacramentos<\/h5>\n<p>Los ritos, en general, y los Sacramentos, en particular, son canales de la Gracia de Dios, purificadora y santificadora, la cual introduce al hombre en el Gran Misterio y le otorga fuerza sobre fuerza y gracia sobre gracia, para renovarse y descubrir en s\u00ed mismo la imagen de su Creador y, en consecuencia, convertirse en un hijo, no de la sangre, sino de Dios.<\/p>\n<p>Dado que los Sacramentos son la piedra angular de una vida cristiana aut\u00e9ntica, ponemos en las manos de nuestra feligres\u00eda esta traducci\u00f3n de la Gu\u00eda pastoral sobre los Sacramentos, libro editado por el Patriarcado de Antioqu\u00eda al que nuestra Arquidi\u00f3cesis pertenece.<\/p>\n<p><a href=\"https:\/\/edicionesbarekac.mercadoshops.com.mx\/MLM-2901779728-guia-pastoral-sobre-los-sacramentos-_JM#position=8&amp;search_layout=stack&amp;type=item&amp;tracking_id=7c2378f0-898a-44be-8d73-77619a483723\" target=\"_blank\" rel=\"noopener\"><img loading=\"lazy\" decoding=\"async\" class=\"alignnone wp-image-610\" title=\"Comprar\" src=\"http:\/\/edicionesbarek.com\/wp-content\/uploads\/2021\/02\/Carrito_sinfondo-300x300.png\" alt=\"\" width=\"40\" height=\"40\" srcset=\"http:\/\/edicionesbarek.com\/wp-content\/uploads\/2021\/02\/Carrito_sinfondo-300x300.png 300w, http:\/\/edicionesbarek.com\/wp-content\/uploads\/2021\/02\/Carrito_sinfondo.png 1024w, http:\/\/edicionesbarek.com\/wp-content\/uploads\/2021\/02\/Carrito_sinfondo-150x150.png 150w, http:\/\/edicionesbarek.com\/wp-content\/uploads\/2021\/02\/Carrito_sinfondo-768x768.png 768w, http:\/\/edicionesbarek.com\/wp-content\/uploads\/2021\/02\/Carrito_sinfondo-65x65.png 65w\" sizes=\"(max-width: 40px) 100vw, 40px\" \/><\/a><\/p>\n<p>&nbsp;<\/p>\n<p>&nbsp;<\/p>\n<p>&nbsp;<\/p>\n<p>&nbsp;<\/p>\n<p>&nbsp;<\/p>\n","protected":false},"excerpt":{"rendered":"<p>La Santa Comuni\u00f3n, El Bautismo, Arrepentimiento Y Confesi\u00f3n, Matrimonio, Cohabitaci\u00f3n Es una serie de cuadernillos (cada uno consta de 16 p\u00e1g.) que provee al lector de informaci\u00f3n esencial acerca de la ortodoxia, que sin duda contribuir\u00e1\u00b4 a alimentar su esp\u00edritu y fortalecer la fe. &nbsp; &nbsp; &nbsp; H\u00e9roes de la verdad Un h\u00e9roe es un [&hellip;]<\/p>\n","protected":false},"author":1,"featured_media":0,"parent":93,"menu_order":2,"comment_status":"closed","ping_status":"closed","template":"","meta":{"footnotes":""},"class_list":["post-161","page","type-page","status-publish","hentry"],"_links":{"self":[{"href":"http:\/\/edicionesbarek.com\/index.php?rest_route=\/wp\/v2\/pages\/161"}],"collection":[{"href":"http:\/\/edicionesbarek.com\/index.php?rest_route=\/wp\/v2\/pages"}],"about":[{"href":"http:\/\/edicionesbarek.com\/index.php?rest_route=\/wp\/v2\/types\/page"}],"author":[{"embeddable":true,"href":"http:\/\/edicionesbarek.com\/index.php?rest_route=\/wp\/v2\/users\/1"}],"replies":[{"embeddable":true,"href":"http:\/\/edicionesbarek.com\/index.php?rest_route=%2Fwp%2Fv2%2Fcomments&post=161"}],"version-history":[{"count":25,"href":"http:\/\/edicionesbarek.com\/index.php?rest_route=\/wp\/v2\/pages\/161\/revisions"}],"predecessor-version":[{"id":2663,"href":"http:\/\/edicionesbarek.com\/index.php?rest_route=\/wp\/v2\/pages\/161\/revisions\/2663"}],"up":[{"embeddable":true,"href":"http:\/\/edicionesbarek.com\/index.php?rest_route=\/wp\/v2\/pages\/93"}],"wp:attachment":[{"href":"http:\/\/edicionesbarek.com\/index.php?rest_route=%2Fwp%2Fv2%2Fmedia&parent=161"}],"curies":[{"name":"wp","href":"https:\/\/api.w.org\/{rel}","templated":true}]}}